{"id":427,"date":"2026-03-14T11:24:19","date_gmt":"2026-03-14T11:24:19","guid":{"rendered":"https:\/\/www.fiestaprivadabarcelona.com\/alquilar-local\/?post_type=product&#038;p=427"},"modified":"2026-03-27T16:03:23","modified_gmt":"2026-03-27T16:03:23","slug":"reservar-local-fiestas","status":"publish","type":"product","link":"https:\/\/www.fiestaprivadabarcelona.com\/alquilar-local\/reservar-local\/reservar-local-fiestas\/","title":{"rendered":"Reservar local por turnos"},"content":{"rendered":"","protected":false},"excerpt":{"rendered":"<p>Reserva de local por turnos de 5 horas para fiestas y eventos en Barcelona<\/p>\n","protected":false},"featured_media":0,"comment_status":"closed","ping_status":"closed","template":"","meta":[],"product_brand":[],"product_cat":[18],"product_tag":[22,21,20],"class_list":{"0":"post-427","1":"product","2":"type-product","3":"status-publish","5":"product_cat-reservar-local","6":"product_tag-alquilarlocalbarcelona","7":"product_tag-localparafiestas","8":"product_tag-reservarlocal","10":"first","11":"instock","12":"downloadable","13":"virtual","14":"taxable","15":"purchasable","16":"product-type-phive_booking"},"yoast_head":"<!-- This site is optimized with the Yoast SEO plugin v27.5 - https:\/\/yoast.com\/product\/yoast-seo-wordpress\/ -->\n<title>Alquilar local para fiestas y eventos en Barcelona<\/title>\n<meta name=\"description\" content=\"Local en alquiler para fiestas o eventos, de 140 metros cuadrados, con neveras, 2 ba\u00f1os, equipo de m\u00fasica controlado des del m\u00f3vil, karaoke y televisor\" \/>\n<meta name=\"robots\" content=\"index, follow, max-snippet:-1, max-image-preview:large, max-video-preview:-1\" \/>\n<link rel=\"canonical\" href=\"https:\/\/www.fiestaprivadabarcelona.com\/alquilar-local\/reservar-local\/reservar-local-fiestas\/\" \/>\n<meta property=\"og:locale\" content=\"es_ES\" \/>\n<meta property=\"og:type\" content=\"article\" \/>\n<meta property=\"og:title\" content=\"Alquilar local para fiestas y eventos en Barcelona\" \/>\n<meta property=\"og:description\" content=\"Local en alquiler para fiestas o eventos, de 140 metros cuadrados, con neveras, 2 ba\u00f1os, equipo de m\u00fasica controlado des del m\u00f3vil, karaoke y televisor\" \/>\n<meta property=\"og:url\" content=\"https:\/\/www.fiestaprivadabarcelona.com\/alquilar-local\/reservar-local\/reservar-local-fiestas\/\" \/>\n<meta property=\"og:site_name\" content=\"Local de alquiler para fiestas\" \/>\n<meta property=\"article:modified_time\" content=\"2026-03-27T16:03:23+00:00\" \/>\n<meta property=\"og:image\" content=\"https:\/\/www.fiestaprivadabarcelona.com\/alquilar-local\/wp-content\/uploads\/2025\/04\/local-alquiler-bacrelona-scaled.jpg\" \/>\n\t<meta property=\"og:image:width\" content=\"2560\" \/>\n\t<meta property=\"og:image:height\" content=\"1920\" \/>\n\t<meta property=\"og:image:type\" content=\"image\/jpeg\" \/>\n<meta name=\"twitter:card\" content=\"summary_large_image\" \/>\n<script type=\"application\/ld+json\" class=\"yoast-schema-graph\">{\"@context\":\"https:\\\/\\\/schema.org\",\"@graph\":[{\"@type\":\"WebPage\",\"@id\":\"https:\\\/\\\/www.fiestaprivadabarcelona.com\\\/alquilar-local\\\/reservar-local\\\/reservar-local-fiestas\\\/\",\"url\":\"https:\\\/\\\/www.fiestaprivadabarcelona.com\\\/alquilar-local\\\/reservar-local\\\/reservar-local-fiestas\\\/\",\"name\":\"Alquilar local para fiestas y eventos en Barcelona\",\"isPartOf\":{\"@id\":\"https:\\\/\\\/www.fiestaprivadabarcelona.com\\\/alquilar-local\\\/#website\"},\"datePublished\":\"2026-03-14T11:24:19+00:00\",\"dateModified\":\"2026-03-27T16:03:23+00:00\",\"description\":\"Local en alquiler para fiestas o eventos, de 140 metros cuadrados, con neveras, 2 ba\u00f1os, equipo de m\u00fasica controlado des del m\u00f3vil, karaoke y televisor\",\"breadcrumb\":{\"@id\":\"https:\\\/\\\/www.fiestaprivadabarcelona.com\\\/alquilar-local\\\/reservar-local\\\/reservar-local-fiestas\\\/#breadcrumb\"},\"inLanguage\":\"es\",\"potentialAction\":[{\"@type\":\"ReadAction\",\"target\":[\"https:\\\/\\\/www.fiestaprivadabarcelona.com\\\/alquilar-local\\\/reservar-local\\\/reservar-local-fiestas\\\/\"]}]},{\"@type\":\"BreadcrumbList\",\"@id\":\"https:\\\/\\\/www.fiestaprivadabarcelona.com\\\/alquilar-local\\\/reservar-local\\\/reservar-local-fiestas\\\/#breadcrumb\",\"itemListElement\":[{\"@type\":\"ListItem\",\"position\":1,\"name\":\"Portada\",\"item\":\"https:\\\/\\\/www.fiestaprivadabarcelona.com\\\/alquilar-local\\\/\"},{\"@type\":\"ListItem\",\"position\":2,\"name\":\"Reservar local por turnos\"}]},{\"@type\":\"WebSite\",\"@id\":\"https:\\\/\\\/www.fiestaprivadabarcelona.com\\\/alquilar-local\\\/#website\",\"url\":\"https:\\\/\\\/www.fiestaprivadabarcelona.com\\\/alquilar-local\\\/\",\"name\":\"Local de alquiler para fiestas\",\"description\":\"Reservar local para fiestas y eventos en Barcelona\",\"alternateName\":\"Alquilar local para fiestas y eventos en Barcelona\",\"potentialAction\":[{\"@type\":\"SearchAction\",\"target\":{\"@type\":\"EntryPoint\",\"urlTemplate\":\"https:\\\/\\\/www.fiestaprivadabarcelona.com\\\/alquilar-local\\\/?s={search_term_string}\"},\"query-input\":{\"@type\":\"PropertyValueSpecification\",\"valueRequired\":true,\"valueName\":\"search_term_string\"}}],\"inLanguage\":\"es\"}]}<\/script>\n<!-- \/ Yoast SEO plugin. -->","yoast_head_json":{"title":"Alquilar local para fiestas y eventos en Barcelona","description":"Local en alquiler para fiestas o eventos, de 140 metros cuadrados, con neveras, 2 ba\u00f1os, equipo de m\u00fasica controlado des del m\u00f3vil, karaoke y televisor","robots":{"index":"index","follow":"follow","max-snippet":"max-snippet:-1","max-image-preview":"max-image-preview:large","max-video-preview":"max-video-preview:-1"},"canonical":"https:\/\/www.fiestaprivadabarcelona.com\/alquilar-local\/reservar-local\/reservar-local-fiestas\/","og_locale":"es_ES","og_type":"article","og_title":"Alquilar local para fiestas y eventos en Barcelona","og_description":"Local en alquiler para fiestas o eventos, de 140 metros cuadrados, con neveras, 2 ba\u00f1os, equipo de m\u00fasica controlado des del m\u00f3vil, karaoke y televisor","og_url":"https:\/\/www.fiestaprivadabarcelona.com\/alquilar-local\/reservar-local\/reservar-local-fiestas\/","og_site_name":"Local de alquiler para fiestas","article_modified_time":"2026-03-27T16:03:23+00:00","og_image":[{"width":2560,"height":1920,"url":"https:\/\/www.fiestaprivadabarcelona.com\/alquilar-local\/wp-content\/uploads\/2025\/04\/local-alquiler-bacrelona-scaled.jpg","type":"image\/jpeg"}],"twitter_card":"summary_large_image","schema":{"@context":"https:\/\/schema.org","@graph":[{"@type":"WebPage","@id":"https:\/\/www.fiestaprivadabarcelona.com\/alquilar-local\/reservar-local\/reservar-local-fiestas\/","url":"https:\/\/www.fiestaprivadabarcelona.com\/alquilar-local\/reservar-local\/reservar-local-fiestas\/","name":"Alquilar local para fiestas y eventos en Barcelona","isPartOf":{"@id":"https:\/\/www.fiestaprivadabarcelona.com\/alquilar-local\/#website"},"datePublished":"2026-03-14T11:24:19+00:00","dateModified":"2026-03-27T16:03:23+00:00","description":"Local en alquiler para fiestas o eventos, de 140 metros cuadrados, con neveras, 2 ba\u00f1os, equipo de m\u00fasica controlado des del m\u00f3vil, karaoke y televisor","breadcrumb":{"@id":"https:\/\/www.fiestaprivadabarcelona.com\/alquilar-local\/reservar-local\/reservar-local-fiestas\/#breadcrumb"},"inLanguage":"es","potentialAction":[{"@type":"ReadAction","target":["https:\/\/www.fiestaprivadabarcelona.com\/alquilar-local\/reservar-local\/reservar-local-fiestas\/"]}]},{"@type":"BreadcrumbList","@id":"https:\/\/www.fiestaprivadabarcelona.com\/alquilar-local\/reservar-local\/reservar-local-fiestas\/#breadcrumb","itemListElement":[{"@type":"ListItem","position":1,"name":"Portada","item":"https:\/\/www.fiestaprivadabarcelona.com\/alquilar-local\/"},{"@type":"ListItem","position":2,"name":"Reservar local por turnos"}]},{"@type":"WebSite","@id":"https:\/\/www.fiestaprivadabarcelona.com\/alquilar-local\/#website","url":"https:\/\/www.fiestaprivadabarcelona.com\/alquilar-local\/","name":"Local de alquiler para fiestas","description":"Reservar local para fiestas y eventos en Barcelona","alternateName":"Alquilar local para fiestas y eventos en Barcelona","potentialAction":[{"@type":"SearchAction","target":{"@type":"EntryPoint","urlTemplate":"https:\/\/www.fiestaprivadabarcelona.com\/alquilar-local\/?s={search_term_string}"},"query-input":{"@type":"PropertyValueSpecification","valueRequired":true,"valueName":"search_term_string"}}],"inLanguage":"es"}]}},"_links":{"self":[{"href":"https:\/\/www.fiestaprivadabarcelona.com\/alquilar-local\/wp-json\/wp\/v2\/product\/427","targetHints":{"allow":["GET"]}}],"collection":[{"href":"https:\/\/www.fiestaprivadabarcelona.com\/alquilar-local\/wp-json\/wp\/v2\/product"}],"about":[{"href":"https:\/\/www.fiestaprivadabarcelona.com\/alquilar-local\/wp-json\/wp\/v2\/types\/product"}],"replies":[{"embeddable":true,"href":"https:\/\/www.fiestaprivadabarcelona.com\/alquilar-local\/wp-json\/wp\/v2\/comments?post=427"}],"wp:attachment":[{"href":"https:\/\/www.fiestaprivadabarcelona.com\/alquilar-local\/wp-json\/wp\/v2\/media?parent=427"}],"wp:term":[{"taxonomy":"product_brand","embeddable":true,"href":"https:\/\/www.fiestaprivadabarcelona.com\/alquilar-local\/wp-json\/wp\/v2\/product_brand?post=427"},{"taxonomy":"product_cat","embeddable":true,"href":"https:\/\/www.fiestaprivadabarcelona.com\/alquilar-local\/wp-json\/wp\/v2\/product_cat?post=427"},{"taxonomy":"product_tag","embeddable":true,"href":"https:\/\/www.fiestaprivadabarcelona.com\/alquilar-local\/wp-json\/wp\/v2\/product_tag?post=427"}],"curies":[{"name":"wp","href":"https:\/\/api.w.org\/{rel}","templated":true}]}}

<!-- This site is optimized with the Yoast SEO plugin v27.5 - https://yoast.com/product/yoast-seo-wordpress/ -->
<title>Alquilar local para fiestas y eventos en Barcelona</title>
<meta name="description" content="Local en alquiler para fiestas o eventos, de 140 metros cuadrados, con neveras, 2 baños, equipo de música controlado des del móvil, karaoke y televisor" />
<meta name="robots" content="index, follow, max-snippet:-1, max-image-preview:large, max-video-preview:-1" />
<link rel="canonical" href="https://www.fiestaprivadabarcelona.com/alquilar-local/reservar-local/reservar-local-fiestas/" />
<meta property="og:locale" content="es_ES" />
<meta property="og:type" content="article" />
<meta property="og:title" content="Alquilar local para fiestas y eventos en Barcelona" />
<meta property="og:description" content="Local en alquiler para fiestas o eventos, de 140 metros cuadrados, con neveras, 2 baños, equipo de música controlado des del móvil, karaoke y televisor" />
<meta property="og:url" content="https://www.fiestaprivadabarcelona.com/alquilar-local/reservar-local/reservar-local-fiestas/" />
<meta property="og:site_name" content="Local de alquiler para fiestas" />
<meta property="article:modified_time" content="2026-03-27T16:03:23+00:00" />
<meta property="og:image" content="https://www.fiestaprivadabarcelona.com/alquilar-local/wp-content/uploads/2025/04/local-alquiler-bacrelona-scaled.jpg" />
	<meta property="og:image:width" content="2560" />
	<meta property="og:image:height" content="1920" />
	<meta property="og:image:type" content="image/jpeg" />
<meta name="twitter:card" content="summary_large_image" />
<script type="application/ld+json" class="yoast-schema-graph">{"@context":"https:\/\/schema.org","@graph":[{"@type":"WebPage","@id":"https:\/\/www.fiestaprivadabarcelona.com\/alquilar-local\/reservar-local\/reservar-local-fiestas\/","url":"https:\/\/www.fiestaprivadabarcelona.com\/alquilar-local\/reservar-local\/reservar-local-fiestas\/","name":"Alquilar local para fiestas y eventos en Barcelona","isPartOf":{"@id":"https:\/\/www.fiestaprivadabarcelona.com\/alquilar-local\/#website"},"datePublished":"2026-03-14T11:24:19+00:00","dateModified":"2026-03-27T16:03:23+00:00","description":"Local en alquiler para fiestas o eventos, de 140 metros cuadrados, con neveras, 2 baños, equipo de música controlado des del móvil, karaoke y televisor","breadcrumb":{"@id":"https:\/\/www.fiestaprivadabarcelona.com\/alquilar-local\/reservar-local\/reservar-local-fiestas\/#breadcrumb"},"inLanguage":"es","potentialAction":[{"@type":"ReadAction","target":["https:\/\/www.fiestaprivadabarcelona.com\/alquilar-local\/reservar-local\/reservar-local-fiestas\/"]}]},{"@type":"BreadcrumbList","@id":"https:\/\/www.fiestaprivadabarcelona.com\/alquilar-local\/reservar-local\/reservar-local-fiestas\/#breadcrumb","itemListElement":[{"@type":"ListItem","position":1,"name":"Portada","item":"https:\/\/www.fiestaprivadabarcelona.com\/alquilar-local\/"},{"@type":"ListItem","position":2,"name":"Reservar local por turnos"}]},{"@type":"WebSite","@id":"https:\/\/www.fiestaprivadabarcelona.com\/alquilar-local\/#website","url":"https:\/\/www.fiestaprivadabarcelona.com\/alquilar-local\/","name":"Local de alquiler para fiestas","description":"Reservar local para fiestas y eventos en Barcelona","alternateName":"Alquilar local para fiestas y eventos en Barcelona","potentialAction":[{"@type":"SearchAction","target":{"@type":"EntryPoint","urlTemplate":"https:\/\/www.fiestaprivadabarcelona.com\/alquilar-local\/?s={search_term_string}"},"query-input":{"@type":"PropertyValueSpecification","valueRequired":true,"valueName":"search_term_string"}}],"inLanguage":"es"}]}</script>
<!-- / Yoast SEO plugin. -->

Local en alquiler para fiestas o eventos, de 140 metros cuadrados, con neveras, 2 baños, equipo de música controlado des del móvil, karaoke y televisor
