{"id":51,"date":"2019-01-03T16:45:54","date_gmt":"2019-01-03T16:45:54","guid":{"rendered":"http:\/\/46.183.117.54\/~dax753rt\/?page_id=51"},"modified":"2025-05-16T11:22:40","modified_gmt":"2025-05-16T11:22:40","slug":"politica-privacidad","status":"publish","type":"page","link":"https:\/\/www.fiestaprivadabarcelona.com\/alquilar-local\/politica-privacidad\/","title":{"rendered":"Pol\u00edtica de privacidad"},"content":{"rendered":"<div style=\"text-align: justify;\">\n<p>Josep Domenech Mena (en adelante \u201cel propietario\u201d) es la entidad y titular del website (en adelante el \u00abWebsite\u00bb), con domicilio social en C\/ Villarroel, 99 Barcelona &#8211; 08011, con NIF n\u00famero 46353446M.<\/p>\n<p>El propietario le garantiza la protecci\u00f3n de todos los datos de car\u00e1cter personal que proporcione el Usuario en el Website y, en cumplimiento de lo dispuesto en la Ley Org\u00e1nica 15\/1999, de 13 de diciembre de Protecci\u00f3n de Datos de Car\u00e1cter Personal, en el RD 1720\/2007 de 21 de diciembre y restante normativa de aplicaci\u00f3n, le informa que:<\/p>\n<p>a) Todos los datos de car\u00e1cter personal facilitados al propietario ser\u00e1n tratados por \u00e9sta de acuerdo con la Ley Org\u00e1nica 15\/1999 de 13 de diciembre de Protecci\u00f3n de Datos de Car\u00e1cter Personal y el RD 1720\/2007 de 21 de diciembre y quedar\u00e1n incorporados en el fichero USUARIO S DE LA PAGINA WEB, creado y mantenido bajo la responsabilidad del propietario, el cual ha sido debidamente registrado en la Agencia Espa\u00f1ola de Protecci\u00f3n de Datos.<\/p>\n<p>b) Los datos son recabados con las siguientes finalidades: (i) gesti\u00f3n, estudio y resoluci\u00f3n de consultas y (ii) env\u00edo de publicidad y prospecci\u00f3n comercial por medios electr\u00f3nicos, acerca de la empresa, sus actividades, productos y servicios, as\u00ed como documentaci\u00f3n de diversa naturaleza.<\/p>\n<p>c) En la recogida y el tratamiento de los datos de car\u00e1cter personal se han adoptado las medidas de seguridad adecuadas para evitar la p\u00e9rdida, el acceso no autorizado o la manipulaci\u00f3n de los mismos, de acuerdo con lo establecido en el Real Decreto 1720\/2007, de 21 de diciembre.<\/p>\n<p>d) El propietario se compromete a proteger la informaci\u00f3n confidencial a la que tenga acceso.<\/p>\n<p>e) El propietario no emplear\u00e1 en ning\u00fan caso los datos de car\u00e1cter personal que usted ponga a su disposici\u00f3n para prestar servicios a terceros distintos a los referidos en el apartado b) del presente documento o, en su caso, para lograr una utilidad propia.<\/p>\n<p>f) El Usuario certifica que es mayor de 14 a\u00f1os y que por lo tanto posee la capacidad legal necesaria para la prestaci\u00f3n del consentimiento en cuanto al tratamiento de sus datos de car\u00e1cter personal y todo ello, de conformidad con lo establecido en la presente Pol\u00edtica de Privacidad.<\/p>\n<p>g) El Usuario puede, en todo momento, ejercitar los derechos de acceso, rectificaci\u00f3n, cancelaci\u00f3n y oposici\u00f3n sobre sus datos personales as\u00ed como el de revocaci\u00f3n del consentimiento para cualquier de las finalidades antes se\u00f1aladas, enviando a el propietario una carta debidamente firmada a nuestra direcci\u00f3n postal, arriba indicada, donde consten claramente los datos de contacto, a la cual deber\u00e1 acompa\u00f1arse fotocopia de su DNI\/NIF o documento que acredite su identidad.<\/p>\n<p>h) El Usuario autoriza al tratamiento automatizado de los datos personales suministrados en los t\u00e9rminos indicados. Para ello pulse el bot\u00f3n \u00abENVIAR\u00bb que se encuentra tras el formulario de recogida de datos.<\/p>\n<\/div>\n","protected":false},"excerpt":{"rendered":"<p>Josep Domenech Mena (en adelante \u201cel propietario\u201d) es la entidad y titular del website (en adelante el \u00abWebsite\u00bb), con domicilio social en C\/ Villarroel, 99 Barcelona &#8211; 08011, con NIF n\u00famero 46353446M. El propietario le garantiza la protecci\u00f3n de todos los datos de car\u00e1cter personal que proporcione el Usuario en el Website y, en cumplimiento [&hellip;]<\/p>\n","protected":false},"author":2,"featured_media":0,"parent":0,"menu_order":0,"comment_status":"closed","ping_status":"closed","template":"","meta":{"footnotes":""},"class_list":["post-51","page","type-page","status-publish","hentry"],"yoast_head":"<!-- This site is optimized with the Yoast SEO plugin v27.5 - https:\/\/yoast.com\/product\/yoast-seo-wordpress\/ -->\n<title>Pol\u00edtica de privacidad - Local de alquiler para fiestas<\/title>\n<meta name=\"robots\" content=\"noindex, follow\" \/>\n<meta property=\"og:locale\" content=\"es_ES\" \/>\n<meta property=\"og:type\" content=\"article\" \/>\n<meta property=\"og:title\" content=\"Pol\u00edtica de privacidad - Local de alquiler para fiestas\" \/>\n<meta property=\"og:description\" content=\"Josep Domenech Mena (en adelante \u201cel propietario\u201d) es la entidad y titular del website (en adelante el \u00abWebsite\u00bb), con domicilio social en C\/ Villarroel, 99 Barcelona &#8211; 08011, con NIF n\u00famero 46353446M. El propietario le garantiza la protecci\u00f3n de todos los datos de car\u00e1cter personal que proporcione el Usuario en el Website y, en cumplimiento [&hellip;]\" \/>\n<meta property=\"og:url\" content=\"https:\/\/www.fiestaprivadabarcelona.com\/alquilar-local\/politica-privacidad\/\" \/>\n<meta property=\"og:site_name\" content=\"Local de alquiler para fiestas\" \/>\n<meta property=\"article:modified_time\" content=\"2025-05-16T11:22:40+00:00\" \/>\n<meta property=\"og:image\" content=\"https:\/\/www.fiestaprivadabarcelona.com\/alquilar-local\/wp-content\/uploads\/2025\/04\/local-alquiler-bacrelona-scaled.jpg\" \/>\n\t<meta property=\"og:image:width\" content=\"2560\" \/>\n\t<meta property=\"og:image:height\" content=\"1920\" \/>\n\t<meta property=\"og:image:type\" content=\"image\/jpeg\" \/>\n<meta name=\"twitter:card\" content=\"summary_large_image\" \/>\n<meta name=\"twitter:label1\" content=\"Tiempo de lectura\" \/>\n\t<meta name=\"twitter:data1\" content=\"3 minutos\" \/>\n<script type=\"application\/ld+json\" class=\"yoast-schema-graph\">{\"@context\":\"https:\\\/\\\/schema.org\",\"@graph\":[{\"@type\":\"WebPage\",\"@id\":\"https:\\\/\\\/www.fiestaprivadabarcelona.com\\\/alquilar-local\\\/politica-privacidad\\\/\",\"url\":\"https:\\\/\\\/www.fiestaprivadabarcelona.com\\\/alquilar-local\\\/politica-privacidad\\\/\",\"name\":\"Pol\u00edtica de privacidad - Local de alquiler para fiestas\",\"isPartOf\":{\"@id\":\"https:\\\/\\\/www.fiestaprivadabarcelona.com\\\/alquilar-local\\\/#website\"},\"datePublished\":\"2019-01-03T16:45:54+00:00\",\"dateModified\":\"2025-05-16T11:22:40+00:00\",\"breadcrumb\":{\"@id\":\"https:\\\/\\\/www.fiestaprivadabarcelona.com\\\/alquilar-local\\\/politica-privacidad\\\/#breadcrumb\"},\"inLanguage\":\"es\",\"potentialAction\":[{\"@type\":\"ReadAction\",\"target\":[\"https:\\\/\\\/www.fiestaprivadabarcelona.com\\\/alquilar-local\\\/politica-privacidad\\\/\"]}]},{\"@type\":\"BreadcrumbList\",\"@id\":\"https:\\\/\\\/www.fiestaprivadabarcelona.com\\\/alquilar-local\\\/politica-privacidad\\\/#breadcrumb\",\"itemListElement\":[{\"@type\":\"ListItem\",\"position\":1,\"name\":\"Portada\",\"item\":\"https:\\\/\\\/www.fiestaprivadabarcelona.com\\\/alquilar-local\\\/\"},{\"@type\":\"ListItem\",\"position\":2,\"name\":\"Pol\u00edtica de privacidad\"}]},{\"@type\":\"WebSite\",\"@id\":\"https:\\\/\\\/www.fiestaprivadabarcelona.com\\\/alquilar-local\\\/#website\",\"url\":\"https:\\\/\\\/www.fiestaprivadabarcelona.com\\\/alquilar-local\\\/\",\"name\":\"Local de alquiler para fiestas\",\"description\":\"Reservar local para fiestas y eventos en Barcelona\",\"alternateName\":\"Alquilar local para fiestas y eventos en Barcelona\",\"potentialAction\":[{\"@type\":\"SearchAction\",\"target\":{\"@type\":\"EntryPoint\",\"urlTemplate\":\"https:\\\/\\\/www.fiestaprivadabarcelona.com\\\/alquilar-local\\\/?s={search_term_string}\"},\"query-input\":{\"@type\":\"PropertyValueSpecification\",\"valueRequired\":true,\"valueName\":\"search_term_string\"}}],\"inLanguage\":\"es\"}]}<\/script>\n<!-- \/ Yoast SEO plugin. -->","yoast_head_json":{"title":"Pol\u00edtica de privacidad - Local de alquiler para fiestas","robots":{"index":"noindex","follow":"follow"},"og_locale":"es_ES","og_type":"article","og_title":"Pol\u00edtica de privacidad - Local de alquiler para fiestas","og_description":"Josep Domenech Mena (en adelante \u201cel propietario\u201d) es la entidad y titular del website (en adelante el \u00abWebsite\u00bb), con domicilio social en C\/ Villarroel, 99 Barcelona &#8211; 08011, con NIF n\u00famero 46353446M. El propietario le garantiza la protecci\u00f3n de todos los datos de car\u00e1cter personal que proporcione el Usuario en el Website y, en cumplimiento [&hellip;]","og_url":"https:\/\/www.fiestaprivadabarcelona.com\/alquilar-local\/politica-privacidad\/","og_site_name":"Local de alquiler para fiestas","article_modified_time":"2025-05-16T11:22:40+00:00","og_image":[{"width":2560,"height":1920,"url":"https:\/\/www.fiestaprivadabarcelona.com\/alquilar-local\/wp-content\/uploads\/2025\/04\/local-alquiler-bacrelona-scaled.jpg","type":"image\/jpeg"}],"twitter_card":"summary_large_image","twitter_misc":{"Tiempo de lectura":"3 minutos"},"schema":{"@context":"https:\/\/schema.org","@graph":[{"@type":"WebPage","@id":"https:\/\/www.fiestaprivadabarcelona.com\/alquilar-local\/politica-privacidad\/","url":"https:\/\/www.fiestaprivadabarcelona.com\/alquilar-local\/politica-privacidad\/","name":"Pol\u00edtica de privacidad - Local de alquiler para fiestas","isPartOf":{"@id":"https:\/\/www.fiestaprivadabarcelona.com\/alquilar-local\/#website"},"datePublished":"2019-01-03T16:45:54+00:00","dateModified":"2025-05-16T11:22:40+00:00","breadcrumb":{"@id":"https:\/\/www.fiestaprivadabarcelona.com\/alquilar-local\/politica-privacidad\/#breadcrumb"},"inLanguage":"es","potentialAction":[{"@type":"ReadAction","target":["https:\/\/www.fiestaprivadabarcelona.com\/alquilar-local\/politica-privacidad\/"]}]},{"@type":"BreadcrumbList","@id":"https:\/\/www.fiestaprivadabarcelona.com\/alquilar-local\/politica-privacidad\/#breadcrumb","itemListElement":[{"@type":"ListItem","position":1,"name":"Portada","item":"https:\/\/www.fiestaprivadabarcelona.com\/alquilar-local\/"},{"@type":"ListItem","position":2,"name":"Pol\u00edtica de privacidad"}]},{"@type":"WebSite","@id":"https:\/\/www.fiestaprivadabarcelona.com\/alquilar-local\/#website","url":"https:\/\/www.fiestaprivadabarcelona.com\/alquilar-local\/","name":"Local de alquiler para fiestas","description":"Reservar local para fiestas y eventos en Barcelona","alternateName":"Alquilar local para fiestas y eventos en Barcelona","potentialAction":[{"@type":"SearchAction","target":{"@type":"EntryPoint","urlTemplate":"https:\/\/www.fiestaprivadabarcelona.com\/alquilar-local\/?s={search_term_string}"},"query-input":{"@type":"PropertyValueSpecification","valueRequired":true,"valueName":"search_term_string"}}],"inLanguage":"es"}]}},"_links":{"self":[{"href":"https:\/\/www.fiestaprivadabarcelona.com\/alquilar-local\/wp-json\/wp\/v2\/pages\/51","targetHints":{"allow":["GET"]}}],"collection":[{"href":"https:\/\/www.fiestaprivadabarcelona.com\/alquilar-local\/wp-json\/wp\/v2\/pages"}],"about":[{"href":"https:\/\/www.fiestaprivadabarcelona.com\/alquilar-local\/wp-json\/wp\/v2\/types\/page"}],"author":[{"embeddable":true,"href":"https:\/\/www.fiestaprivadabarcelona.com\/alquilar-local\/wp-json\/wp\/v2\/users\/2"}],"replies":[{"embeddable":true,"href":"https:\/\/www.fiestaprivadabarcelona.com\/alquilar-local\/wp-json\/wp\/v2\/comments?post=51"}],"version-history":[{"count":7,"href":"https:\/\/www.fiestaprivadabarcelona.com\/alquilar-local\/wp-json\/wp\/v2\/pages\/51\/revisions"}],"predecessor-version":[{"id":257,"href":"https:\/\/www.fiestaprivadabarcelona.com\/alquilar-local\/wp-json\/wp\/v2\/pages\/51\/revisions\/257"}],"wp:attachment":[{"href":"https:\/\/www.fiestaprivadabarcelona.com\/alquilar-local\/wp-json\/wp\/v2\/media?parent=51"}],"curies":[{"name":"wp","href":"https:\/\/api.w.org\/{rel}","templated":true}]}}

Política de privacidad

<div style="text-align: justify;">
<p>Josep Domenech Mena (en adelante “el propietario”) es la entidad y titular del website (en adelante el «Website»), con domicilio social en C/ Villarroel, 99 Barcelona &#8211; 08011, con NIF número 46353446M.</p>
<p>El propietario le garantiza la protección de todos los datos de carácter personal que proporcione el Usuario en el Website y, en cumplimiento de lo dispuesto en la Ley Orgánica 15/1999, de 13 de diciembre de Protección de Datos de Carácter Personal, en el RD 1720/2007 de 21 de diciembre y restante normativa de aplicación, le informa que:</p>
<p>a) Todos los datos de carácter personal facilitados al propietario serán tratados por ésta de acuerdo con la Ley Orgánica 15/1999 de 13 de diciembre de Protección de Datos de Carácter Personal y el RD 1720/2007 de 21 de diciembre y quedarán incorporados en el fichero USUARIO S DE LA PAGINA WEB, creado y mantenido bajo la responsabilidad del propietario, el cual ha sido debidamente registrado en la Agencia Española de Protección de Datos.</p>
<p>b) Los datos son recabados con las siguientes finalidades: (i) gestión, estudio y resolución de consultas y (ii) envío de publicidad y prospección comercial por medios electrónicos, acerca de la empresa, sus actividades, productos y servicios, así como documentación de diversa naturaleza.</p>
<p>c) En la recogida y el tratamiento de los datos de carácter personal se han adoptado las medidas de seguridad adecuadas para evitar la pérdida, el acceso no autorizado o la manipulación de los mismos, de acuerdo con lo establecido en el Real Decreto 1720/2007, de 21 de diciembre.</p>
<p>d) El propietario se compromete a proteger la información confidencial a la que tenga acceso.</p>
<p>e) El propietario no empleará en ningún caso los datos de carácter personal que usted ponga a su disposición para prestar servicios a terceros distintos a los referidos en el apartado b) del presente documento o, en su caso, para lograr una utilidad propia.</p>
<p>f) El Usuario certifica que es mayor de 14 años y que por lo tanto posee la capacidad legal necesaria para la prestación del consentimiento en cuanto al tratamiento de sus datos de carácter personal y todo ello, de conformidad con lo establecido en la presente Política de Privacidad.</p>
<p>g) El Usuario puede, en todo momento, ejercitar los derechos de acceso, rectificación, cancelación y oposición sobre sus datos personales así como el de revocación del consentimiento para cualquier de las finalidades antes señaladas, enviando a el propietario una carta debidamente firmada a nuestra dirección postal, arriba indicada, donde consten claramente los datos de contacto, a la cual deberá acompañarse fotocopia de su DNI/NIF o documento que acredite su identidad.</p>
<p>h) El Usuario autoriza al tratamiento automatizado de los datos personales suministrados en los términos indicados. Para ello pulse el botón «ENVIAR» que se encuentra tras el formulario de recogida de datos.</p>
</div>

<p>Josep Domenech Mena (en adelante “el propietario”) es la entidad y titular del website (en adelante el «Website»), con domicilio social en C/ Villarroel, 99 Barcelona &#8211; 08011, con NIF número 46353446M. El propietario le garantiza la protección de todos los datos de carácter personal que proporcione el Usuario en el Website y, en cumplimiento [&hellip;]</p>

<!-- This site is optimized with the Yoast SEO plugin v27.5 - https://yoast.com/product/yoast-seo-wordpress/ -->
<title>Política de privacidad - Local de alquiler para fiestas</title>
<meta name="robots" content="noindex, follow" />
<meta property="og:locale" content="es_ES" />
<meta property="og:type" content="article" />
<meta property="og:title" content="Política de privacidad - Local de alquiler para fiestas" />
<meta property="og:description" content="Josep Domenech Mena (en adelante “el propietario”) es la entidad y titular del website (en adelante el «Website»), con domicilio social en C/ Villarroel, 99 Barcelona &#8211; 08011, con NIF número 46353446M. El propietario le garantiza la protección de todos los datos de carácter personal que proporcione el Usuario en el Website y, en cumplimiento [&hellip;]" />
<meta property="og:url" content="https://www.fiestaprivadabarcelona.com/alquilar-local/politica-privacidad/" />
<meta property="og:site_name" content="Local de alquiler para fiestas" />
<meta property="article:modified_time" content="2025-05-16T11:22:40+00:00" />
<meta property="og:image" content="https://www.fiestaprivadabarcelona.com/alquilar-local/wp-content/uploads/2025/04/local-alquiler-bacrelona-scaled.jpg" />
	<meta property="og:image:width" content="2560" />
	<meta property="og:image:height" content="1920" />
	<meta property="og:image:type" content="image/jpeg" />
<meta name="twitter:card" content="summary_large_image" />
<meta name="twitter:label1" content="Tiempo de lectura" />
	<meta name="twitter:data1" content="3 minutos" />
<script type="application/ld+json" class="yoast-schema-graph">{"@context":"https:\/\/schema.org","@graph":[{"@type":"WebPage","@id":"https:\/\/www.fiestaprivadabarcelona.com\/alquilar-local\/politica-privacidad\/","url":"https:\/\/www.fiestaprivadabarcelona.com\/alquilar-local\/politica-privacidad\/","name":"Política de privacidad - Local de alquiler para fiestas","isPartOf":{"@id":"https:\/\/www.fiestaprivadabarcelona.com\/alquilar-local\/#website"},"datePublished":"2019-01-03T16:45:54+00:00","dateModified":"2025-05-16T11:22:40+00:00","breadcrumb":{"@id":"https:\/\/www.fiestaprivadabarcelona.com\/alquilar-local\/politica-privacidad\/#breadcrumb"},"inLanguage":"es","potentialAction":[{"@type":"ReadAction","target":["https:\/\/www.fiestaprivadabarcelona.com\/alquilar-local\/politica-privacidad\/"]}]},{"@type":"BreadcrumbList","@id":"https:\/\/www.fiestaprivadabarcelona.com\/alquilar-local\/politica-privacidad\/#breadcrumb","itemListElement":[{"@type":"ListItem","position":1,"name":"Portada","item":"https:\/\/www.fiestaprivadabarcelona.com\/alquilar-local\/"},{"@type":"ListItem","position":2,"name":"Política de privacidad"}]},{"@type":"WebSite","@id":"https:\/\/www.fiestaprivadabarcelona.com\/alquilar-local\/#website","url":"https:\/\/www.fiestaprivadabarcelona.com\/alquilar-local\/","name":"Local de alquiler para fiestas","description":"Reservar local para fiestas y eventos en Barcelona","alternateName":"Alquilar local para fiestas y eventos en Barcelona","potentialAction":[{"@type":"SearchAction","target":{"@type":"EntryPoint","urlTemplate":"https:\/\/www.fiestaprivadabarcelona.com\/alquilar-local\/?s={search_term_string}"},"query-input":{"@type":"PropertyValueSpecification","valueRequired":true,"valueName":"search_term_string"}}],"inLanguage":"es"}]}</script>
<!-- / Yoast SEO plugin. -->

Política de privacidad - Local de alquiler para fiestas

Josep Domenech Mena (en adelante “el propietario”) es la entidad y titular del website (en adelante el «Website»), con domicilio social en C/ Villarroel, 99 Barcelona &#8211; 08011, con NIF número 46353446M. El propietario le garantiza la protección de todos los datos de carácter personal que proporcione el Usuario en el Website y, en cumplimiento [&hellip;]
